*4/2 + k**3 + 5*k**2/2 + 2*k. What is the units digit of x(t)?
0
Let m(z) = -10*z**2 - 8*z + z**3 - 10 + 21 - 11. What is the tens digit of m(11)?
3
Let w = -3 - -4. What is the units digit of 6/(w + (-15)/24)?
6
Suppose -14*b = -15*b + 59. What is the tens digit of b?
5
Let k = -5 - -116. What is the tens digit of k?
1
Suppose -5*w + 188 = -4*h, -2*w = -0*w - h - 77. What is the tens digit of w?
4
Suppose 3*c + 55 = 142. What is the units digit of c?
9
Let m(o) = o**2 + 6*o + 1. Let f be m(-6). Let r(x) = 15*x**2 + x - 1. Let i be r(f). What is the units digit of (-2)/(((-12)/i)/2)?
5
Suppose 5*l + 48 + 7 = 0. Let m = l + 15. Suppose 4*w = 5*r + 11, 3*w - 17 = -r - m*r. What is the units digit of w?
4
Let i(k) = k - 1. Let o be i(-6). Let y = o - -16. What is the units digit of y?
9
Suppose -7*i + 3*i + 16 = 0. Suppose 5*c + q - 90 = 3*q, i*c - 3*q = 79. What is the units digit of c?
6
Let u be (-18)/12 - 1/2. Let h be (-54)/u + -1 + 3. Let q = h - 19. What is the tens digit of q?
1
Let k(f) be the first derivative of -f**2/2 + f - 8. What is the units digit of k(-1)?
2
Let k = 188 + -110. What is the tens digit of k?
7
Suppose -4*p = -0*p. Let o = p - 0. Suppose o = -a - 0*a + 6. What is the units digit of a?
6
Let v = -23 - -46. Let w be (-516)/66 + 3 + 70/(-22). Let f = w + v. What is the units digit of f?
5
Suppose y + 4*l - 21 = 2*y, -3*y - l + 2 = 0. Let t be ((-2)/(-4))/(y/(-94)). Suppose 3*h - t = -2*g, 8 = g + 2*h - 17. What is the units digit of g?
9
Let k = 295 + -145. What is the tens digit of k?
5
Suppose -184 = -2*u + 6*t - 3*t, 3*u + 5*t - 276 = 0. Suppose p + 32 = 4*s - u, 16 = -4*p. What is the tens digit of s?
3
Suppose r + 26 = -2*u + 84, 5*u - 241 = -4*r. What is the units digit of r?
4
Suppose -k = -6 - 59. Suppose 0*i + k = 5*i. What is the tens digit of i?
1
Let m = 7 - 38. Let c = -18 - m. What is the units digit of c?
3
Suppose 50 = 2*u - u. What is the tens digit of u?
5
Let w(a) = 30*a - 4. What is the units digit of w(2)?
6
What is the tens digit of (12/(-3))/((-6)/21)?
1
Suppose -3*u = u. Suppose 0*l = -3*l + 2*w + 40, 3*l - 5*w - 28 = u. What is the tens digit of l?
1
Let b(s) = -s**3 + 2*s**2 + 3*s + 2. Let v be b(3). Let g = 0 - v. What is the units digit of g + 18/(9/3)?
4
Suppose -y = -0*y + 92. Let x = -61 - y. What is the tens digit of x?
3
Let y be 198/8 + (-2)/(-8). Suppose -y = b - 6*b. What is the units digit of ((-28)/b)/(6/(-15))?
4
Let l = 23 + -13. Let x = -7 + l. What is the units digit of x?
3
Let x be 32 - (-2 - (0 + 0)). Suppose 0*p + p = x. Suppose 6 = 4*w - p. What is the tens digit of w?
1
Let c(h) = -3*h + 28. What is the tens digit of c(-10)?
5
Suppose w = -5*u + 53, -2*w - 4*u = -u - 113. What is the tens digit of w?
5
Suppose i + 106 = 5*c - 0*i, -3*c + 58 = 5*i. Suppose -5*g + 25 = -0*g. Suppose -g*u + 29 + c = 0. What is the units digit of u?
0
Suppose p - 25 = 51. What is the units digit of p?
6
Suppose 3*j = -3*j + 174. What is the tens digit of j?
2
Suppose -8*n = -4*n - 8. What is the tens digit of n + 0/2 + 17?
1
Let x(o) = o. Let a be x(3). Suppose a*y = -0*y + 54. What is the tens digit of y?
1
Let h be -3*1*(-2)/3. Suppose -45 = -h*u - 3*u. What is the units digit of u?
9
What is the hundreds digit of -1*(-3 + 6)*(-202)/6?
1
Let z = 2 - 0. Let s be 2*-1 - z - 2. Let f = 10 + s. What is the units digit of f?
4
Let h = -30 - -54. Suppose 16*s - 85 = 11*s. Let c = h - s. What is the units digit of c?
7
Let p(h) be the second derivative of h**5/20 + 5*h**4/12 - h**3/3 - 7*h**2/2 + h. What is the units digit of p(-5)?
3
What is the tens digit of 7/(-35) - (-91)/5?
1
Suppose 7 = 3*b + z, 0*z = 5*b - 3*z - 7. Suppose b*v - 13 = 51. What is the units digit of v?
2
Suppose 2*g + 3 = 3*g. Suppose -4*k + 3*y + 40 = -0*y, -y = k - g. What is the units digit of k?
7
Let i(d) = -3*d**2 + 18*d + 13. Let l(q) = -5*q**2 + 27*q + 19. Let w(y) = 8*i(y) - 5*l(y). Let j be w(-8). What is the units digit of j/4 + (-46)/(-8)?
6
Suppose -9 = -2*o + u, -4 = 4*u + 8. Let k be o*(-6)/9 + 11. Let f = 13 - k. What is the units digit of f?
4
Let k be -7 + (-4)/(-3 - 1). What is the units digit of (1/2)/((-1)/k)?
3
Suppose -5*n + 5*u + 0*u = -200, -3*u = 5*n - 200. What is the units digit of n?
0
Let v be -1 + (-5)/((-10)/28). Suppose 0 = -6*d + d + 95. Suppose -4*a - d = -3*k, -v = -2*k - 4*a + 13. What is the units digit of k?
9
Let v(j) = -8*j**3 - j**2. Suppose 0 = -2*h - 2. What is the units digit of v(h)?
7
Let m(q) = q + 12. Let i be 3*(-6)/(-9) + 48. Suppose -5*w - 65 = 2*a, -5*w - 2*a = -3*a + i. What is the units digit of m(w)?
1
Let u be (1/2)/((-1)/(-8)). Suppose -4*x - 4*q = -q - 64, u*x - 72 = -q. What is the tens digit of x?
1
Suppose -4 - 11 = -3*b. Suppose 3*y - 6 = -b*l, y = -5*l + 10 + 2. What is the units digit of 2/(-6)*(y - 0)?
1
Let r(l) = -l**2 - l + 2. Let b be r(0). Suppose b*k + 1 - 21 = 0. Suppose -k = -p + 6. What is the units digit of p?
6
Let b be 19/3 - (-8)/(-24). What is the units digit of (b/(-8))/((-7)/140)?
5
Suppose -5*h - 49 - 1 = 0. Let g = h - -15. What is the units digit of g?
5
Let j = 11 - 15. Let b(n) = n**3 + 5*n**2 + 6*n + 9. Let o(r) = r**3 + 5*r**2 + 6*r + 8. Let s(l) = 6*b(l) - 7*o(l). What is the units digit of s(j)?
6
Let y = 13 - 4. What is the units digit of y?
9
Suppose -2*k - 43 = -3*k. What is the tens digit of k?
4
Let g(m) be the first derivative of 11*m**2 - 2. Let l be g(-1). Let v = l - -33. What is the units digit of v?
1
Let g = -18 - -38. What is the units digit of g?
0
Suppose -2*n = -3*r - 135, -4*n - 5*r + 271 = -10*r. Let p = n - 41. What is the units digit of p?
8
Let h = 1 + -4. Let f be (-11)/h - 1/(-3). What is the units digit of 27/6 + 2/f?
5
Suppose -p - 1 = -0*p. Let n be (p - 0) + -1 + 26. Suppose 56 = 5*d - 3*o, -n = -2*d + 4*o - 2*o. What is the tens digit of d?
1
Let v = 5 + 3. Suppose -g + 12 + v = 0. What is the units digit of g?
0
Suppose 2*g - 2*l - 7 = l, 2*l = 3*g - 13. Let b(q) = -q**3 + 7*q**2 - 10*q + 4. What is the units digit of b(g)?
4
Let k = -140 + 175. What is the units digit of k?
5
Let j be (-2)/(-4)*(-1 + 1). Suppose -2*x + 0*x = j. Suppose v + 4*v - 55 = x. What is the units digit of v?
1
Let f = 34 + 0. What is the tens digit of (f/(-4))/(3/(-6))?
1
Let a(r) = -2 + 3*r**2 - 3 + r**3 + 3*r**2 + 0*r**3. What is the units digit of a(-3)?
2
Suppose 0*w = -w + 23. What is the units digit of w?
3
Let n(l) be the first derivative of l**4/4 + 5*l**3/3 - 5*l**2/2 + 8*l - 2. Let s be n(-6). Suppose -s*p + 7*p = 5. What is the units digit of p?
1
Let z(d) be the first derivative of d**4/4 - 5*d**2/2 - 2*d - 2. Let i be z(-3). Let a = i + 20. What is the units digit of a?
6
Let g = 809 - 537. What is the tens digit of g?
7
Let d(a) = -a**2 - 7*a + 4. Suppose -2*l - 24 = 2*l. Let x be d(l). Suppose 0 = -2*t + s + 5, 0 = -2*t - 3*s - s - x. What is the units digit of t?
1
Suppose -4*r + 134 = -18. Let h = -17 + r. What is the units digit of (-3)/12 - h/(-4)?
5
Suppose 56 = 7*i - 5*i. What is the tens digit of i?
2
Suppose -20*n + 16*n + 564 = 0. What is the hundreds digit of n?
1
Suppose 0 = -4*u + 66 + 142. Let w = -35 + u. What is the tens digit of w?
1
Suppose -4*c - 3*t = -15, 3*t = 3*c - 8*c + 15. Suppose -x + 5 + 3 = c. What is the units digit of x?
8
Let x(z) = -2*z**2 + 42*z + 5. What is the units digit of x(19)?
1
Suppose -4*v + 12 = 0, -5*v + 11 = -a - 2. Let q(b) = -b + 13. Let z be q(8). Suppose -a*o + z = -o. What is the units digit of o?
5
What is the tens digit of ((-8)/4 - -4)*10?
2
Let g = -3 + 4. Suppose h + 3 = -g, 3*i + 2*h = 19. What is the units digit of i?
9
Suppose -43 = -2*m - 15. What is the units digit of m?
4
Let t(s) = s. Let q(j) = 7*j - 1. Let m(g) = -q(g) + 6*t(g). Let v(k) = k**2 - 6*k + 2. Let u be v(5). What is the units digit of m(u)?
4
Let j(w) = w**2 - 5*w - 15. What is the tens digit of j(-7)?
6
Suppose -p + 2*p = 17. What is the tens digit of p?
1
Let r(j) = j + 6. Let g = -11 - -18. What is the tens digit of r(g)?
1
Let f(g) be the second derivative of g**4/12 + g**3/6 + 5*g**2/2 + 8*g. What is the tens digit of f(4)?
2
Let m = 12 + -7. Suppose m*h - h = 4. What is the units digit of h?
1
Suppose 11 = -3*y + 5. Suppose -5*z + z = 5*m - 21, 0 = -3*z - 3. What is the tens digit of 